*c = -5*k - 27, -4*c = m*k + 2*k - 1. Let v = 30 - k. Is v a prime number?
False
Suppose 2*j - 2*g - 16 = 0, j - 29 = -2*j - 2*g. Suppose j*w - 1976 = 1543. Is w prime?
False
Suppose 3*r + 5*z + 33 = -r, 2*r = 3*z - 11. Is r - -8 - (-142 + -2) composite?
True
Let r(b) = 4*b**3 - 2*b**2 - 5*b + 1. Let k(h) = h**3 - 2*h**2 + 5*h - 4. Let w be k(3). Suppose v - 5*s = 1, -3*v + 0*v = 2*s - w. Is r(v) composite?
True
Let g(x) = 17*x - 12. Let i = -13 + 23. Let n be g(i). Suppose 294 + n = 4*s. Is s composite?
False
Suppose 0 = -2*y - 4*z + 20, -4*z + 10 = y - 2. Let s = 3 + 26. Let n = s - y. Is n composite?
True
Suppose 13587 = 3*n + n + o, 0 = -5*n - 5*o + 16980. Is n composite?
True
Suppose -5*c + 235 = 5*a, -3*c + 4*a + 148 = -0*c. Suppose 4*y = -4 + 24. Let u = c + y. Is u a composite number?
False
Let u(d) = d**2 - 4. Suppose -t + 5 = y - 5*t, 0 = -t - 2. Let f be u(y). Suppose 5*z - o - 107 = 0, -f*z + 46 = 3*o - 53. Is z composite?
True
Let k(u) = 10*u + 19. Let r(q) = 20*q + 36. Let l(p) = -11*k(p) + 6*r(p). Suppose 35 = 4*z + 7. Is l(z) a prime number?
False
Let o be (2 - -2)/((-2)/(-2)). Let d(m) = 6*m**2 - 2*m + 7. Is d(o) a composite number?
True
Let x(m) = -15*m**3 + 3*m**2 + 5*m + 5. Let r be x(-3). Let t = r - 189. Is t a prime number?
True
Let p(x) = -x**3 - 6*x**2 - 15. Let c be p(-8). Suppose -y + c = 5*z, -5*z = 2 + 3. Is y composite?
True
Let l(b) = -57 + 32 + 2*b + 3*b - b. Is l(16) prime?
False
Let z = 89 + -85. Suppose 3*i - 9275 = -4*n, -3*n + 5*n - z*i - 4654 = 0. Is n composite?
True
Let u(p) = -87*p + 79. Is u(-16) composite?
False
Let l = 31583 - 17617. Is l prime?
False
Suppose -20 = x + 3*x. Let d(y) = 12 + 0 - 1 - 4*y + 5*y. Is d(x) a prime number?
False
Let j = -12 - -34. Suppose 0 = h - j - 87. Is h a composite number?
False
Let s(n) be the third derivative of -n**6/24 + n**5/30 + n**4/4 + n**3/2 + 11*n**2. Is s(-4) a composite number?
False
Let z = 275 - 51. Suppose 3*q - t + 7 + 28 = 0, -3*q - 2*t = 47. Let d = q + z. Is d prime?
True
Let o = 20 + -19. Suppose 0 = g + o - 8. Is -2*(1239/(-6))/g prime?
True
Let n be 1/(1/(-4)) + 2. Let h(s) = 10*s**2 + 3*s - 9. Let f(o) = 11*o**2 + 2*o - 8. Let u(k) = 6*f(k) - 5*h(k). Is u(n) composite?
False
Suppose -46*c + 5070 = -16*c. Is c prime?
False
Let o(l) = 236*l + 113. Is o(6) a composite number?
True
Suppose -2*l + 26 = 4. Let a = 23 - l. Suppose 0 = a*i - 10*i - 74. Is i prime?
True
Suppose 8*y = 114 - 10. Let s(n) = 5*n**2 - 16*n + 42. Is s(y) composite?
True
Suppose -9*y + z + 13552 = -5*y, 0 = 5*z - 20. Is y a prime number?
True
Let p(b) = 8445*b**2 + 13*b - 1. Is p(-1) a prime number?
True
Let m = -32 - -77. Suppose -5*x + 695 = -4*l, 4*x - 2*l = -m + 607. Let n = 310 - x. Is n a prime number?
True
Is (115/46)/((-2)/(-148)) a prime number?
False
Is (-383295)/(-9) + -2 + (-8)/(-3) composite?
False
Suppose 3*t = 381 + 36. Suppose -o - 3*w - 149 = -2*o, -o - 2*w + t = 0. Is o composite?
True
Let r(i) = -i**3 + 3*i**2 - 3. Let b be r(2). Let d(x) = -2*x - b + 7*x + 0*x + 2. Is d(5) prime?
False
Suppose -20*n + 28*n - 300648 = 0. Is n a composite number?
True
Let m(f) = -1269*f**3 - 7*f**2 - 13*f + 16. Let z(a) = 423*a**3 + 2*a**2 + 4*a - 5. Let v(i) = 2*m(i) + 7*z(i). Is v(1) a prime number?
False
Suppose 0 = 4*n + 3*h + 5472 - 23396, 0 = -5*n + 4*h + 22405. Is n composite?
False
Suppose -1305*m = -1307*m + 7934. Is m a prime number?
True
Let w = -5051 - -9802. Is w a composite number?
False
Let f = 1897 - 290. Let k = f - 426. Is k prime?
True
Suppose 2*t + 0*m - 5*m + 15 = 0, 0 = 2*t + 3*m + 23. Is (3386/t)/((-2)/(-5))*-2 a prime number?
True
Let h = -3 + 12. Let a be (-1024)/72 - (-2)/h. Is (-432)/a - 12/(-84) a prime number?
True
Let h = -3 - -1. Let z be (0 + 0)*(8 - -6 - 15). Is z/h + (3 - -191) composite?
True
Suppose -n - 5*i = 2*n - 9998, 0 = -5*n - 5*i + 16660. Suppose 299 = -2*j + n. Suppose -j = -2*y - 2*x, 3*x + 12 + 3 = 0. Is y composite?
True
Suppose -27*d = -24*d - 6. Is ((-1 - -1) + d)/(12/1146) composite?
False
Let g be (-42)/(-4)*(-8)/(-14). Suppose -66444 = -g*u - 7698. Is u prime?
True
Let h(t) = 25*t + 8. Let l be h(-5). Let f = -48 - l. Is f a composite number?
True
Let y = 93 - 81. Suppose -y = 3*j, 4*w + j + 149 = 5*w. Is w prime?
False
Suppose -4*w + 47 = -41. Let k = w - 22. Suppose k = -5*r + n + 2612, 0*n + 3*n - 9 = 0. Is r prime?
True
Let c be -2 + 1 + (-2 - -5). Let y(x) = x. Let b be y(c). Suppose -b*f - 3*f = 20, -2*f = 3*d - 601. Is d prime?
False
Let z(o) = -22*o - 23. Suppose w + 4*p = 3 + 2, p = 2*w + 17. Is z(w) a composite number?
False
Suppose 0*z = -2*z - 5*q + 6, 4*z + 6 = -q. Let x be (2 + -2 - z) + 112. Let m = 271 - x. Is m prime?
True
Suppose 6*f - 45777 = 3*f. Is f prime?
True
Let o = 5 + 1. Let k(g) = g**3 - 6*g**2 - g + 8. Let n be k(o). Suppose u - 15 = -n*t, -5*u = -2*u + 5*t - 43. Is u composite?
False
Let m be 182/8 + (-1)/(-4). Let d = m + -18. Suppose -d*y + 436 = -y. Is y a composite number?
False
Let m = -105 - -1063. Is m a composite number?
True
Let c be (-23 + -1)*1/(-2). Suppose 0 = 4*o - c. Suppose -o*b + b + 212 = 0. Is b prime?
False
Let w = 85079 - 45942. Is w a prime number?
False
Let s(h) = -140*h**3 - 13*h**2 - 38*h + 12. Is s(-5) a composite number?
False
Let s(g) = -2*g**2 - 4*g + 10. Let w be s(4). Let c = w - -261. Is c a composite number?
False
Suppose 0*t = -4*t - 36. Let g be (-9)/1*(-12)/t. Is ((-116)/g)/((-2)/(-30)) composite?
True
Let q be 3483 - 5/(0 - 5). Let d = q + -1637. Is d composite?
False
Let r be 103 - (-1 - -2 - -3). Let y = r - -154. Is y a composite number?
True
Suppose -4*g + 24 = -24. Is 2/(-3) - (-3920)/g prime?
False
Let o = 109 - -141. Let b(k) = -24*k. Let u be b(2). Let y = u + o. Is y prime?
False
Suppose 5*j - 8 = 2. Suppose -x - 867 = -p + 4*x, 0 = -j*p - 3*x + 1682. Suppose -c + p = -42. Is c prime?
False
Let z be ((-286)/65)/((4/70)/2). Let r(b) = 4*b**3 + 2*b**2 + 3*b. Let p be r(-3). Let s = p - z. Is s a prime number?
False
Suppose 28 = -4*t - 4*o, -23 = -0*t + 3*t + o. Is 6*(-3940)/t + -2 prime?
True
Let z(u) = -125*u + 16. Is z(-5) a composite number?
False
Suppose -3*u + 4*h = -593, 0 = -u + 10*h - 5*h + 183. Is u a prime number?
False
Let l(m) = 18*m**3 - 7*m**2 + 5*m + 13. Let p be ((4 - 3)*2)/((-2)/(-4)). Is l(p) composite?
True
Is (-13198)/(-2*(114/(-30) - -4)) a composite number?
True
Let i(z) = z**3 - 10*z**2 + 10*z - 2. Let o be i(9). Let l = o - 9. Is l*(-2 - 746/4) composite?
True
Suppose -76*z = -71*z + 15. Is (-33154)/33*z/2 a composite number?
True
Suppose 11*h - 1949 = 24858. Is h composite?
False
Suppose -4*u = -3*i + 11527, 0 = 3*i - 0*u + 4*u - 11543. Is i prime?
False
Let s be ((420/25)/(-2))/(3/(-20)). Suppose 2*o = 5*p + 561, o + 3*p - s = 252. Is o composite?
False
Is 16662/(-15)*(2 - (-36)/(-8)) composite?
False
Let t = 0 - -6. Let o = t - 7. Is (787/3)/(o/(-3)) composite?
False
Let y = -10 + 10. Let r be -1 - (y + 1) - -444. Let j = -239 + r. Is j a prime number?
False
Let p = 23 + -23. Suppose 4*f - 3676 = -p*f. Is f prime?
True
Suppose 4 = 5*g - 11. Suppose j + g*l - 15 = 0, 4*l - 15 = -2*j + 3*l. Is (-2)/((j/(-67))/3) prime?
True
Let l(r) = -30*r**3 - 2*r**2 + 4*r + 1. Let p be 0 + (1 - 2) + -2. Is l(p) prime?
False
Suppose 2258 = -12*q - 2086. Let r = -233 - q. Is r a composite number?
True
Let y = 153 - 153. Let b = 2 - -1. Suppose -b*v = -3*f - y*v + 27, 4*f + v = 56. Is f a prime number?
True
Let v(i) = -40*i + 47. Let q(w) = -17*w - 9. Let h be q(0). Is v(h) a composite number?
True
Is (287380/35)/4*(3 + 4) a prime number?
True
Let h(a) = 20*a**3 - 32*a**2 + 8*a + 5. Is h(6) composite?
False
Suppose 4*o + 1645 = q, 13*o = -q + 14*o + 1636. Is q prime?
False
Suppose 0 = m + 4*m. Suppose m = 2*l - 5 + 1. Suppose 3*t = -3*v + 5532, -l*v - 5547 = -5*v + 2*t. Is v composite?
False
Let v(j) = -j**3 + 24*j**2 - 10*j - 53. Let q(z) = -4*z - 26. Let g be q(-12). Is v(g) composite?
True
Let z = 54 - 54. Suppose z = 12*a - 14*a + 2810. Is a a composite number?
True
Suppose -12*h + 10*h = -3*c + 1759, -5*h + 5 = 0. Is c a prime number?
True
Suppose 0 = -29*z - 30214 + 190961. Is z a composite number?
True
Let d = 91874 - 28677. Is d composite?
False
Suppose -3*s - 170 = 2*s. Let v be ((-26)/2)/((-2)/s). Let n = -82 - v. Is n a composite 